Let b(w) be the first derivative of -w**6/120 - w**4/24 + w**3/6 + 2*w**2 - 1. Let m(s) be the second derivative of b(s). What is m(-2)?
11
Let w = -139 + 150. Let j(u) = -u**3 + 12*u**2 - 9*u - 13. Determine j(w).
9
Let g(d) = -4*d - 5. Let i(j) = -j - 1. Let y(q) = g(q) - 3*i(q). Suppose 0*a + 4*a + 3*v = -307, 2*a + 150 = 2*v. Let b be 21/49 - a/(-14). What is y(b)?
3
Suppose -2*f + 6*f = -24. Let o(w) be the third derivative of w**4/24 + 2*w**3/3 - 5*w**2. Determine o(f).
-2
Let p(s) be the third derivative of 7*s**6/120 + s**5/60 - s**3/6 + 2*s**2. Let c(g) = g**3 - 2*g**2 - g + 1. Let v be c(2). Calculate p(v).
-7
Let r(k) = -k + 5. Let d be (-3)/24 - 147/(-24). What is r(d)?
-1
Let m(q) = -9*q - 1. Suppose 5*n + 5*z - 25 = z, -3*n + 4*z + 15 = 0. Suppose 5*s + 2*x = -4 + 1, n = -2*s + 3*x. What is m(s)?
8
Let k(j) be the third derivative of 2/3*j**3 + 0*j + 1/24*j**4 + 0 - 5*j**2. Let u = -2 - 0. Calculate k(u).
2
Suppose 5*f + 0*f = 20. Let p(l) be the first derivative of -1 + 1/4*l**4 - 5/3*l**3 - 6*l + 7/2*l**2. Calculate p(f).
6
Let x(u) = -2*u**2 + 16*u - 11. Let a(s) = 3*s**2 - 24*s + 17. Let c(f) = 5*a(f) + 8*x(f). Determine c(6).
9
Let s(b) = -2*b + 1. Suppose 4*d = -0*d. Let v = 11 + -7. Suppose 0 = -u - d*u + v*z + 7, -5*u + 4*z = -19. Calculate s(u).
-5
Let g = 2 + -2. Let a(c) = -2*c**3 + c**2 + 3*c + 2. Let l(b) = -b**3 + b**2 + 2*b + 3. Let j(q) = -2*a(q) + 3*l(q). What is j(g)?
5
Let o(m) = 3*m**2 + m - 1. Let i be (-16)/9 - (-2)/(-9). Let n be -1 - i*(-2)/4. Let p be 0*1/n + 1. What is o(p)?
3
Let c(n) = 1. Let k(m) = -2*m**2 + 7*m - 6. Let u(f) = -2*c(f) - k(f). Suppose a = 4*a - 12. Give u(a).
8
Let a(d) be the first derivative of -d + d**2 - 4*d**2 + 2*d + 1 + 0*d**2. Calculate a(1).
-5
Let q(x) = -x**2 - 11*x - 5 + 7*x + 2*x**2 + 14*x. Give q(-10).
-5
Let q be ((-10)/4)/((-1)/2). Let m(z) = -5*z**2 - 4*z + 3. Let s(d) = -6*d**2 - 4*d + 3. Let j(x) = q*m(x) - 4*s(x). What is j(-4)?
3
Let b be (24/36)/(4/330). Let a(h) = 1 + h**2 + 58*h + 3 - b*h. What is a(-3)?
4
Let x be ((-10)/(-6))/5*6. Let r(w) = -w**x + 4*w**2 - 5*w**2 + 4*w + w**2 - 4. Give r(5).
-9
Let n = -1 - -1. Let k(o) be the first derivative of o**6/360 - o**5/120 - o**4/6 - 4*o**3/3 + 7. Let f(b) be the third derivative of k(b). What is f(n)?
-4
Suppose -20 = l + 3*l. Let o(z) = -z**2 + 6*z**2 - 4*z - 6*z**2 + 5. What is o(l)?
0
Suppose 0 = -5*o - 2*c + 6*c - 36, -4*o - 12 = c. Let l(x) = -80 + x - 80 + 163. What is l(o)?
-1
Let n = 123 + -126. Let y(w) = w + 6. Give y(n).
3
Let j(l) = -l. Suppose -n = -5*n + 8. Let x = -19 + 22. Suppose -a - n*a = -6, x*y + 3 = 3*a. Calculate j(y).
-1
Suppose 8 = 5*x - 12. Let c(s) = -3*s**2 - 8*s. Let z(v) = v**2 + v. Let l(k) = x*z(k) + c(k). Suppose 4*r + 2*o = 8, -3*r + 29 - 5 = -3*o. What is l(r)?
0
Suppose -2 - 4 = 3*b - 4*x, 10 = -b + 4*x. Let y(h) = -h + 8. Let t(f) = -6*f + 57. Let q(a) = b*t(a) - 15*y(a). Calculate q(4).
6
Let u(h) = h**3 + h - 4. Suppose 1 - 3 = -o. Let q = 2 + 3. Suppose -o*z + 3*z = r, q*z - 2*r = 0. Give u(z).
-4
Let o(r) = -r**3 - 5*r**2 - 6*r. Let h = 23 + -25. Let g(j) = 2*j. Let w be g(h). Determine o(w).
8
Let z(a) = a**2 + 3*a - 3. Let f(p) = p**3 - 7*p**2 + 6*p - 5. Let g be (13 - 7)*2/2. Let h be f(g). Determine z(h).
7
Let w(j) be the second derivative of -2*j**5/5 - j**4/12 - 3*j. Give w(-1).
7
Let j be -2 - -1 - (-5 + 3). Let i be 0 - (-1 + (-3)/3). Let h(p) = p + 6*p**2 + 0*p**2 - p**i. Determine h(j).
6
Let c(z) be the first derivative of 3*z**2/2 + z + 7. What is c(-2)?
-5
Let p(r) be the third derivative of r**6/120 - r**5/20 + r**4/24 - r**3/3 + 17*r**2. Determine p(3).
1
Let l(k) be the first derivative of -k**2 - 6*k - 2. Let i be ((-3 - 0) + 0)/((-15)/(-20)). Give l(i).
2
Let b = 19/75 - -2/25. Let g(p) be the first derivative of 5*p - b*p**3 - 1 + 5/2*p**2. Give g(5).
5
Let z(p) = p**3 - p**2 - 4*p + 3. Let l be z(2). Let i(d) = 24*d**2 + 7*d + 3. Let b(r) = 16*r**2 + 5*r + 2. Let m(y) = 7*b(y) - 5*i(y). Calculate m(l).
-9
Let w(b) be the second derivative of -b**5/20 - b**4/12 + b**3/6 - b**2/2 - 2*b. Let u(a) = 4*a**3 - a**2 - 5*a + 13. Let s(l) = -u(l) - 5*w(l). Give s(-6).
-8
Suppose 0*u - s - 3 = -u, -13 = -3*u - s. Let o be -3 - u*1/(-2). Let k(h) = -12*h**3 - h**2 - h - 1. Give k(o).
11
Let g = 2 - -1. Let d be g - 0/(-3 - -1). Let w(k) = -3*k**2 + 20*k + 11. Let l(y) = -y**2 + 7*y + 4. Let c(t) = 11*l(t) - 4*w(t). Determine c(d).
0
Let t(s) = s + 9. Let g be ((-9)/(-2))/(1 + (-9)/6). Give t(g).
0
Let w(d) = d**2 - 4*d + 5. Let a be w(4). Let x = a + -2. Let z(g) = 2*g - 4. What is z(x)?
2
Let s(o) = o - 8. Suppose 2*v + 4 = -4*x, -4 = 2*v + 2*x - x. Let w = v + 8. What is s(w)?
-2
Let k be 2 - (0 + -3 + 0). Let o be (-1)/k + 18/15. Let u(n) = -7*n**3 + 2*n**2 - n. Determine u(o).
-6
Let x(d) = -2*d**2 - 4 + 2 - 2 - 4*d. Give x(-3).
-10
Let i(c) = -c**3 - c + 10. Let g(z) = 4*z - 1. Let f be g(1). Suppose y = f*y. Determine i(y).
10
Let n(q) = -q**3 - 2. Suppose -x + 8*x = -49. Let f = x - -5. What is n(f)?
6
Let n(q) = q**2 + q + 5. Let y be (-2 + (-4)/(-2))/(-3). Give n(y).
5
Let x(h) be the first derivative of h**2/2 - 2*h + 9. Give x(4).
2
Let v(w) = -2*w + 6. Let n be v(2). Let m(b) = 0*b + b - 4*b - 2. Determine m(n).
-8
Let j(b) = -3*b + 1 + b - b**3 + 4*b**2 + 4*b**3 + 5*b. What is j(-2)?
-13
Let j(d) be the first derivative of -d**4/4 + d**3 - 3*d**2/2 + 2*d - 14. What is j(3)?
-7
Suppose -7 = -2*t + 3. Suppose t*z = -20 - 10. Let b(g) be the first derivative of -g**3/3 - 7*g**2/2 - 2*g - 1. What is b(z)?
4
Let u be (2/6)/(5/30). Suppose -2*o = 4*q - 6, q = 4*q - u*o - 15. Let s(v) = -2 + q*v - 2 + 3. Calculate s(2).
5
Let i(a) be the third derivative of -a**5/60 + a**4/24 + a**3/3 + 2*a**2. Let k(v) = -v**2 + 2*v + 3. Suppose -3*m + 0 = -9. Let u be k(m). What is i(u)?
2
Let r be 0/(3 - 4) + -3. Let m(h) = h**3 + 4*h**2 + 2*h + 3. Give m(r).
6
Let a(f) = f - 4. Let b be (-16)/(-5) + (-3)/15. Let z be a(b). Let i(q) be the first derivative of 3*q**4/2 - q + 5. Determine i(z).
-7
Let q(o) = -o**3 - 3*o**2 - o - 4. Suppose 4*c = -4*p + 96, 0 = p - 2*c + 6*c - 12. Let k = p + -19. Let u be (-2)/(-6)*k*-1. Give q(u).
-1
Let s(w) be the first derivative of w**3/3 + 5*w**2/2 - 4*w + 190. Let r = -6 + 3. Give s(r).
-10
Let t(p) = p**2 - p - 2. Let g(v) = -v**2 + 2*v + 3. Let y(m) = 2*g(m) + 3*t(m). Let i be y(-3). Let x(c) = c + 2*c + 1 + i*c**3 - 4*c. Give x(1).
6
Suppose -3*j = -j - 4*d, -30 = -3*j - 4*d. Let r(a) = -a + 8. Let i be r(j). Let b(n) be the first derivative of 5*n**2/2 - 3*n - 41. Calculate b(i).
7
Suppose -w + 0 = -1. Suppose 14 = 2*a - 5*y + y, -5*a + 8 = -y. Let l(q) = -9*q**3 - a - 5*q**2 + q + q + 3*q**2. Give l(w).
-10
Let t = 0 - -2. Let z(c) be the first derivative of -t - c**2 + c - 1 + 0*c**2. Calculate z(5).
-9
Suppose 4*l - 18 = -2*l. Let d(g) = g - 1. Let o(q) = q + 2. Let v(a) = d(a) + o(a). Determine v(l).
7
Let p(j) = -16*j**2 - 2*j + 1. Suppose 0 = -2*h - 2*h + 4. What is p(h)?
-17
Suppose 0 = -3*a - 4*c + 14, -4*a + 0*c - 2 = -5*c. Let m(t) = t - 1 + t**a - 3 + 4. Calculate m(0).
0
Let x(t) = t - 3. Suppose -2*y = k - 5*k - 18, 4*y - 3*k = 11. Let l be 18/(-4) - y/2. Give x(l).
-7
Suppose 213 = h + 2*h. Let f = -47 + h. Suppose -2*l - 3*p = 3*l + 22, p + f = -5*l. Let w(s) = -s**2 - 5*s + 5. What is w(l)?
5
Suppose 33 = -5*d + g + 13, -2*d = -g + 5. Let m(b) = b + 2 + 1 + 0. Determine m(d).
-2
Let a(z) = 7*z**3 - 11*z**2 + 6*z + 1. Let u(n) = 6*n**3 - 10*n**2 + 5*n + 1. Let d(t) = -5*a(t) + 6*u(t). Determine d(5).
1
Let p(y) = -7*y**2 + 10*y**2 + y**3 - 4*y + 2*y**2 + 5. Let b(a) = a**3 + 5*a**2 - 6. Let j be (-4)/12 + 28/(-6). Let x be b(j). Give p(x).
-7
Let a(k) = -k**2 + 6*k + 6. Suppose -g + 2*q = -2*q - 22, -2*q + 22 = 5*g. Calculate a(g).
6
Suppose -28 = 2*h - 38. Let a(w) be the third derivative of 0 - 1/24*w**4 + 1/30*w**h - 1/120*w**6 - 1/6*w**3 + 2*w**2 + 0*w. Give a(2).
-3
Let v(c) = c**3 + c - 1. Let x(b) = -b**2 - 3*b + 1. Let j(o) = -v(o) - x(o). Give j(2).
0
Let k = 3 - 1. Suppose 0 = -4*d + 3*d + 2. Let g(h) = 3*h**d + h**k + 2*h**2 + 3 + h**3 + 5*h + 0. What is g(-5)?
3
Let b(w) = 6 + w**3 + 5*w**2 - 3*w + w**3 - 3*w**3 + 0*w**3. Calculate b(5).
-9
Let s(n) = 5*n**3 + 4*n. Let t = 3 + 0. Let h(z) = 9*z**3